{"id":4388,"date":"2025-06-19T14:07:31","date_gmt":"2025-06-19T11:07:31","guid":{"rendered":"https:\/\/luxhouse.com.tr\/luxhouse\/?post_type=product&#038;p=4388"},"modified":"2025-08-30T19:40:42","modified_gmt":"2025-08-30T16:40:42","slug":"imperial-yemek-odasi-takimi","status":"publish","type":"product","link":"https:\/\/luxhouse.com.tr\/luxhouse\/urun\/imperial-yemek-odasi-takimi\/","title":{"rendered":"\u0130mperial Yemek Odas\u0131 Tak\u0131m\u0131"},"content":{"rendered":"\t\t<div data-elementor-type=\"wp-post\" data-elementor-id=\"4388\" class=\"elementor elementor-4388\">\n\t\t\t\t\t\t<section class=\"wd-negative-gap elementor-section elementor-top-section elementor-element elementor-element-c937877 elementor-section-boxed elementor-section-height-default elementor-section-height-default\" data-id=\"c937877\" data-element_type=\"section\" data-e-type=\"section\">\n\t\t\t\t\t\t<div class=\"elementor-container elementor-column-gap-default\">\n\t\t\t\t\t<div class=\"elementor-column elementor-col-100 elementor-top-column elementor-element elementor-element-b4e37de\" data-id=\"b4e37de\" data-element_type=\"column\" data-e-type=\"column\">\n\t\t\t<div class=\"elementor-widget-wrap elementor-element-populated\">\n\t\t\t\t\t\t<div class=\"elementor-element elementor-element-e076ef1 elementor-widget elementor-widget-wd_image_or_svg\" data-id=\"e076ef1\" data-element_type=\"widget\" data-e-type=\"widget\" data-widget_type=\"wd_image_or_svg.default\">\n\t\t\t\t<div class=\"elementor-widget-container\">\n\t\t\t\t\t\n\t\t<div class=\"wd-image text-left\">\n\t\t\t\t\t\t\t\t<img fetchpriority=\"high\" decoding=\"async\" width=\"680\" height=\"280\" src=\"https:\/\/luxhouse.com.tr\/luxhouse\/wp-content\/uploads\/2023\/04\/description-about-brand-3-opt.jpg\" class=\"attachment-full size-full\" alt=\"\" srcset=\"https:\/\/luxhouse.com.tr\/luxhouse\/wp-content\/uploads\/2023\/04\/description-about-brand-3-opt.jpg 680w, https:\/\/luxhouse.com.tr\/luxhouse\/wp-content\/uploads\/2023\/04\/description-about-brand-3-opt-150x62.jpg 150w\" sizes=\"(max-width: 680px) 100vw, 680px\" \/>\t\t\t\t\t<\/div>\n\n\t\t\t\t\t\t<\/div>\n\t\t\t\t<\/div>\n\t\t\t\t<div class=\"elementor-element elementor-element-ebf770c elementor-widget elementor-widget-wd_text_block\" data-id=\"ebf770c\" data-element_type=\"widget\" data-e-type=\"widget\" data-widget_type=\"wd_text_block.default\">\n\t\t\t\t<div class=\"elementor-widget-container\">\n\t\t\t\t\t\t\t<div class=\"wd-text-block reset-last-child text-left\">\n\t\t\t\n\t\t\t<p>Temelleri, 2019 y\u0131l\u0131nda, d\u00fcnyan\u0131n say\u0131l\u0131 mobilya kentlerinden Bursa - \u0130neg\u00f6l\u2019de at\u0131lan Lux House; k\u00fc\u00e7\u00fck bir at\u00f6lyeden 4 k\u0131taya uzanan ba\u015far\u0131 \u00f6yk\u00fcs\u00fcyle i\u015f d\u00fcnyas\u0131n\u0131n t\u00fcm akt\u00f6rlerine ilham vermektedir. \u0130stihdamdan AR-GE\u2019ye, \u00fcretimden sat\u0131\u015f ve pazarlamaya kadar her alanda att\u0131\u011f\u0131 g\u00fc\u00e7l\u00fc ad\u0131mlarla luxhouse.com.tr; g\u00fcn\u00fcm\u00fczde, ulusal ve uluslararas\u0131 mobilya pazar\u0131n\u0131n \u00f6nde gelen oyuncular\u0131 aras\u0131nda yer almaktad\u0131r.<\/p>\n\t\t\t\t\t<\/div>\n\t\t\t\t\t\t<\/div>\n\t\t\t\t<\/div>\n\t\t\t\t<div class=\"elementor-element elementor-element-51d04c2 elementor-widget elementor-widget-wd_list\" data-id=\"51d04c2\" data-element_type=\"widget\" data-e-type=\"widget\" data-widget_type=\"wd_list.default\">\n\t\t\t\t<div class=\"elementor-widget-container\">\n\t\t\t\t\t\t\t<ul class=\"wd-list color-scheme- wd-fontsize-s wd-type-image wd-style-default text-left\">\n\t\t\t\t\t\t\t\t\t\t\t<li class=\"elementor-repeater-item-14e774a\">\n\t\t\t\t\t\t\t\t\t\t\t<span class=\"wd-icon\"><img loading=\"lazy\" decoding=\"async\" class=\" wd-lazy-fade\"  src=\"https:\/\/luxhouse.com.tr\/luxhouse\/wp-content\/themes\/woodmart\/images\/lazy.svg\" data-src=\"https:\/\/luxhouse.com.tr\/luxhouse\/wp-content\/uploads\/2023\/04\/wd-furniture-dot-list.svg\" title=\"wd-furniture-dot-list\" loading=\"lazy\" width=\"6\" height=\"6\"><\/span>\t\t\t\t\t\n\t\t\t\t\t<span class=\"wd-list-content list-content\">\n\t\t\t\t\t\tT\u00fcrkiye'nin tasar\u0131m \u00f6d\u00fcll\u00fc mobilyalar\u0131\t\t\t\t\t<\/span>\n\n\t\t\t\t\t\t\t\t\t<\/li>\n\t\t\t\t\t\t\t\t\t\t\t<li class=\"elementor-repeater-item-f676396\">\n\t\t\t\t\t\t\t\t\t\t\t<span class=\"wd-icon\"><img loading=\"lazy\" decoding=\"async\" class=\" wd-lazy-fade\"  src=\"https:\/\/luxhouse.com.tr\/luxhouse\/wp-content\/themes\/woodmart\/images\/lazy.svg\" data-src=\"https:\/\/luxhouse.com.tr\/luxhouse\/wp-content\/uploads\/2023\/04\/wd-furniture-dot-list.svg\" title=\"wd-furniture-dot-list\" loading=\"lazy\" width=\"6\" height=\"6\"><\/span>\t\t\t\t\t\n\t\t\t\t\t<span class=\"wd-list-content list-content\">\n\t\t\t\t\t\t\u0130yi fikirlerden ilhan al\u0131n\t\t\t\t\t<\/span>\n\n\t\t\t\t\t\t\t\t\t<\/li>\n\t\t\t\t\t\t\t\t\t\t\t<li class=\"elementor-repeater-item-5c6fb97\">\n\t\t\t\t\t\t\t\t\t\t\t<span class=\"wd-icon\"><img loading=\"lazy\" decoding=\"async\" class=\" wd-lazy-fade\"  src=\"https:\/\/luxhouse.com.tr\/luxhouse\/wp-content\/themes\/woodmart\/images\/lazy.svg\" data-src=\"https:\/\/luxhouse.com.tr\/luxhouse\/wp-content\/uploads\/2023\/04\/wd-furniture-dot-list.svg\" title=\"wd-furniture-dot-list\" loading=\"lazy\" width=\"6\" height=\"6\"><\/span>\t\t\t\t\t\n\t\t\t\t\t<span class=\"wd-list-content list-content\">\n\t\t\t\t\t\tSundu\u011fu avantajlar sayesinde mobilya ve aksesuarlar daha hesapl\u0131\t\t\t\t\t<\/span>\n\n\t\t\t\t\t\t\t\t\t<\/li>\n\t\t\t\t\t<\/ul>\n\n\t\t\t\t\t\t<\/div>\n\t\t\t\t<\/div>\n\t\t\t\t\t<\/div>\n\t\t<\/div>\n\t\t\t\t\t<\/div>\n\t\t<\/section>\n\t\t\t\t<\/div>\n\t\t","protected":false},"excerpt":{"rendered":"<p><img decoding=\"async\" class=\" wd-lazy-fade alignnone wp-image-1564\" src=\"https:\/\/luxhouse.com.tr\/luxhouse\/wp-content\/themes\/woodmart\/images\/lazy.svg\" data-src=\"https:\/\/luxhouse.com.tr\/luxhouse\/wp-content\/uploads\/2023\/04\/StandardDelivery.png-2.webp\" alt=\"\" width=\"25\" height=\"25\" \/>\u00dccretsiz Teslimat ve Kurulum<\/p>\n","protected":false},"featured_media":6196,"template":"","meta":[],"product_brand":[61],"product_cat":[24],"product_tag":[366],"class_list":{"0":"post-4388","1":"product","2":"type-product","3":"status-publish","4":"has-post-thumbnail","6":"product_brand-modern-koltuk-takimi-kose-takimi-modelleri","7":"product_cat-yemekodasi","8":"product_tag-imperial-yemek-odasi-takimi","10":"first","11":"instock","12":"taxable","13":"shipping-taxable","14":"purchasable","15":"product-type-simple"},"_links":{"self":[{"href":"https:\/\/luxhouse.com.tr\/luxhouse\/wp-json\/wp\/v2\/product\/4388","targetHints":{"allow":["GET"]}}],"collection":[{"href":"https:\/\/luxhouse.com.tr\/luxhouse\/wp-json\/wp\/v2\/product"}],"about":[{"href":"https:\/\/luxhouse.com.tr\/luxhouse\/wp-json\/wp\/v2\/types\/product"}],"version-history":[{"count":3,"href":"https:\/\/luxhouse.com.tr\/luxhouse\/wp-json\/wp\/v2\/product\/4388\/revisions"}],"predecessor-version":[{"id":6206,"href":"https:\/\/luxhouse.com.tr\/luxhouse\/wp-json\/wp\/v2\/product\/4388\/revisions\/6206"}],"wp:featuredmedia":[{"embeddable":true,"href":"https:\/\/luxhouse.com.tr\/luxhouse\/wp-json\/wp\/v2\/media\/6196"}],"wp:attachment":[{"href":"https:\/\/luxhouse.com.tr\/luxhouse\/wp-json\/wp\/v2\/media?parent=4388"}],"wp:term":[{"taxonomy":"product_brand","embeddable":true,"href":"https:\/\/luxhouse.com.tr\/luxhouse\/wp-json\/wp\/v2\/product_brand?post=4388"},{"taxonomy":"product_cat","embeddable":true,"href":"https:\/\/luxhouse.com.tr\/luxhouse\/wp-json\/wp\/v2\/product_cat?post=4388"},{"taxonomy":"product_tag","embeddable":true,"href":"https:\/\/luxhouse.com.tr\/luxhouse\/wp-json\/wp\/v2\/product_tag?post=4388"}],"curies":[{"name":"wp","href":"https:\/\/api.w.org\/{rel}","templated":true}]}}